{"id":3379,"date":"2018-05-09T16:01:48","date_gmt":"2018-05-09T14:01:48","guid":{"rendered":"http:\/\/network.amsed.fr\/?page_id=3379"},"modified":"2019-12-09T18:46:45","modified_gmt":"2019-12-09T16:46:45","slug":"les-enjeux-de-societe-pour-lavenir-de-leurope","status":"publish","type":"page","link":"https:\/\/network.amsed.fr\/en\/ressources\/les-enjeux-de-societe-pour-lavenir-de-leurope\/","title":{"rendered":"Les enjeux de soci\u00e9t\u00e9 pour l\u2019avenir de l\u2019Europe"},"content":{"rendered":"<p>The multiple crisis (financial crisis, migratory issues, terrorism and defense, Brexit&#8230;) which us, Europeans, are dealing with, can lead to a desintegration of Europe. In a global macroeconomic context, reflect about oyr growth perspectives in Europe became essential. How to make sure that the social, societal, environmental issues are considered in a new mode, answering to the future&#8217;s challenges ?<\/p>\n<p><iframe loading=\"lazy\" title=\"(Portrait) : &quot;Je pense que les enjeux pour l&#039;avenir sont des enjeux europ\u00e9ens&quot;\" width=\"720\" height=\"405\" src=\"https:\/\/www.youtube.com\/embed\/dX9_vLNSN-E?feature=oembed\" frameborder=\"0\" allow=\"accelerometer; autoplay; encrypted-media; gyroscope; picture-in-picture\" allowfullscreen><\/iframe><\/p>\n<p><iframe loading=\"lazy\" title=\"Brexit, crise migratoire... quel avenir pour l&#039;Europe\u00a0?\" width=\"720\" height=\"405\" src=\"https:\/\/www.youtube.com\/embed\/kCmIgbU2npw?feature=oembed\" frameborder=\"0\" allow=\"accelerometer; autoplay; encrypted-media; gyroscope; picture-in-picture\" allowfullscreen><\/iframe><\/p>\n<p><iframe loading=\"lazy\" title=\"Climat : un coup de froid sur l&#039;Europe dans les d\u00e9cennies \u00e0 venir ?\" width=\"720\" height=\"405\" src=\"https:\/\/www.youtube.com\/embed\/6Pc93RJtRnQ?feature=oembed\" frameborder=\"0\" allow=\"accelerometer; autoplay; encrypted-media; gyroscope; picture-in-picture\" allowfullscreen><\/iframe><\/p>\n<p><iframe loading=\"lazy\" title=\"Brexit explained: what happens when the UK leaves the EU?\" width=\"720\" height=\"405\" src=\"https:\/\/www.youtube.com\/embed\/7eoDwvl0QGk?feature=oembed\" frameborder=\"0\" allow=\"accelerometer; autoplay; encrypted-media; gyroscope; picture-in-picture\" allowfullscreen><\/iframe><\/p>\n<p><iframe loading=\"lazy\" title=\"Everything You Need to Know About the Future of Europe\" width=\"720\" height=\"405\" src=\"https:\/\/www.youtube.com\/embed\/rsCz_lfo-Fg?feature=oembed\" frameborder=\"0\" allow=\"accelerometer; autoplay; encrypted-media; gyroscope; picture-in-picture\" allowfullscreen><\/iframe><\/p>\n<p><iframe loading=\"lazy\" title=\"How Brexit is changing the EU | The Economist\" width=\"720\" height=\"405\" src=\"https:\/\/www.youtube.com\/embed\/9bLLe8Z2Dng?feature=oembed\" frameborder=\"0\" allow=\"accelerometer; autoplay; encrypted-media; gyroscope; picture-in-picture\" allowfullscreen><\/iframe><\/p>\n<p><iframe loading=\"lazy\" title=\"Future of Europe: finding common solutions to common challenges\" width=\"720\" height=\"405\" src=\"https:\/\/www.youtube.com\/embed\/ATCFOgmsSv4?feature=oembed\" frameborder=\"0\" allow=\"accelerometer; autoplay; encrypted-media; gyroscope; picture-in-picture\" allowfullscreen><\/iframe><\/p>\n<p><iframe loading=\"lazy\" title=\"Quel avenir pour l\u2019Europe ?\" width=\"720\" height=\"405\" src=\"https:\/\/www.youtube.com\/embed\/tAzWmJD06M8?feature=oembed\" frameborder=\"0\" allow=\"accelerometer; autoplay; encrypted-media; gyroscope; picture-in-picture\" allowfullscreen><\/iframe><\/p>\n<p><iframe loading=\"lazy\" title=\"Le futur de l&#039;Europe se joue en Afrique avec plus de 2,48 milliards d&#039;habitants en 2050\" width=\"720\" height=\"405\" src=\"https:\/\/www.youtube.com\/embed\/HH9ygkhNJ0I?feature=oembed\" frameborder=\"0\" allow=\"accelerometer; autoplay; encrypted-media; gyroscope; picture-in-picture\" allowfullscreen><\/iframe><\/p>\n<p><iframe loading=\"lazy\" title=\"Succ\u00e8s story de Willy racont\u00e9e par Sumeyye, participante fran\u00e7aise, projet JWT transfrontaliers\" width=\"720\" height=\"405\" src=\"https:\/\/www.youtube.com\/embed\/4krYqhnIlQA?feature=oembed\" frameborder=\"0\" allow=\"accelerometer; autoplay; encrypted-media; gyroscope; picture-in-picture\" allowfullscreen><\/iframe><\/p>\n<p><iframe loading=\"lazy\" title=\"Formation \u00e0 l&#039;ASTU - Contre l&#039;endoctrinement des jeunes et des adultes\" width=\"720\" height=\"405\" src=\"https:\/\/www.youtube.com\/embed\/PNMpQY2AnbA?feature=oembed\" frameborder=\"0\" allow=\"accelerometer; autoplay; encrypted-media; gyroscope; picture-in-picture\" allowfullscreen><\/iframe><\/p>\n<p><iframe loading=\"lazy\" title=\"Syrie : l&#039;aide humanitaire de l&#039;UE\" width=\"720\" height=\"540\" src=\"https:\/\/www.youtube.com\/embed\/Z7OlvYr4YKU?feature=oembed\" frameborder=\"0\" allow=\"accelerometer; autoplay; encrypted-media; gyroscope; picture-in-picture\" allowfullscreen><\/iframe><\/p>\n<p><iframe loading=\"lazy\" title=\"D\u00e9bat sur l&#039;avenir de l&#039;Europe avec Emmanuel Macron\" width=\"720\" height=\"405\" src=\"https:\/\/www.youtube.com\/embed\/aqJawWcbwPM?feature=oembed\" frameborder=\"0\" allow=\"accelerometer; autoplay; encrypted-media; gyroscope; picture-in-picture\" allowfullscreen><\/iframe><\/p>\n<p><\/p>","protected":false},"excerpt":{"rendered":"<p>The multiple crisis (financial crisis, migratory issues, terrorism and defense, Brexit&#8230;) which us, Europeans, are dealing with, can lead to a desintegration of Europe. In a global macroeconomic context, reflect about oyr growth perspectives in Europe became essential. How to make sure that the social, societal, environmental issues are considered in a new mode, answering [&hellip;]<\/p>\n","protected":false},"author":7,"featured_media":0,"parent":1629,"menu_order":0,"comment_status":"closed","ping_status":"closed","template":"","meta":[],"_links":{"self":[{"href":"https:\/\/network.amsed.fr\/en\/wp-json\/wp\/v2\/pages\/3379"}],"collection":[{"href":"https:\/\/network.amsed.fr\/en\/wp-json\/wp\/v2\/pages"}],"about":[{"href":"https:\/\/network.amsed.fr\/en\/wp-json\/wp\/v2\/types\/page"}],"author":[{"embeddable":true,"href":"https:\/\/network.amsed.fr\/en\/wp-json\/wp\/v2\/users\/7"}],"replies":[{"embeddable":true,"href":"https:\/\/network.amsed.fr\/en\/wp-json\/wp\/v2\/comments?post=3379"}],"version-history":[{"count":9,"href":"https:\/\/network.amsed.fr\/en\/wp-json\/wp\/v2\/pages\/3379\/revisions"}],"predecessor-version":[{"id":4661,"href":"https:\/\/network.amsed.fr\/en\/wp-json\/wp\/v2\/pages\/3379\/revisions\/4661"}],"up":[{"embeddable":true,"href":"https:\/\/network.amsed.fr\/en\/wp-json\/wp\/v2\/pages\/1629"}],"wp:attachment":[{"href":"https:\/\/network.amsed.fr\/en\/wp-json\/wp\/v2\/media?parent=3379"}],"curies":[{"name":"wp","href":"https:\/\/api.w.org\/{rel}","templated":true}]}}

Les enjeux de société pour l’avenir de l’Europe

<p>The multiple crisis (financial crisis, migratory issues, terrorism and defense, Brexit&#8230;) which us, Europeans, are dealing with, can lead to a desintegration of Europe. In a global macroeconomic context, reflect about oyr growth perspectives in Europe became essential. How to make sure that the social, societal, environmental issues are considered in a new mode, answering to the future&#8217;s challenges ?</p>
<p><iframe loading="lazy" title="(Portrait) : &quot;Je pense que les enjeux pour l&#039;avenir sont des enjeux européens&quot;" width="720" height="405" src="https://www.youtube.com/embed/dX9_vLNSN-E?feature=oembed" frameborder="0" allow="accelerometer; autoplay; encrypted-media; gyroscope; picture-in-picture" allowfullscreen></iframe></p>
<p><iframe loading="lazy" title="Brexit, crise migratoire... quel avenir pour l&#039;Europe ?" width="720" height="405" src="https://www.youtube.com/embed/kCmIgbU2npw?feature=oembed" frameborder="0" allow="accelerometer; autoplay; encrypted-media; gyroscope; picture-in-picture" allowfullscreen></iframe></p>
<p><iframe loading="lazy" title="Climat : un coup de froid sur l&#039;Europe dans les décennies à venir ?" width="720" height="405" src="https://www.youtube.com/embed/6Pc93RJtRnQ?feature=oembed" frameborder="0" allow="accelerometer; autoplay; encrypted-media; gyroscope; picture-in-picture" allowfullscreen></iframe></p>
<p><iframe loading="lazy" title="Brexit explained: what happens when the UK leaves the EU?" width="720" height="405" src="https://www.youtube.com/embed/7eoDwvl0QGk?feature=oembed" frameborder="0" allow="accelerometer; autoplay; encrypted-media; gyroscope; picture-in-picture" allowfullscreen></iframe></p>
<p><iframe loading="lazy" title="Everything You Need to Know About the Future of Europe" width="720" height="405" src="https://www.youtube.com/embed/rsCz_lfo-Fg?feature=oembed" frameborder="0" allow="accelerometer; autoplay; encrypted-media; gyroscope; picture-in-picture" allowfullscreen></iframe></p>
<p><iframe loading="lazy" title="How Brexit is changing the EU | The Economist" width="720" height="405" src="https://www.youtube.com/embed/9bLLe8Z2Dng?feature=oembed" frameborder="0" allow="accelerometer; autoplay; encrypted-media; gyroscope; picture-in-picture" allowfullscreen></iframe></p>
<p><iframe loading="lazy" title="Future of Europe: finding common solutions to common challenges" width="720" height="405" src="https://www.youtube.com/embed/ATCFOgmsSv4?feature=oembed" frameborder="0" allow="accelerometer; autoplay; encrypted-media; gyroscope; picture-in-picture" allowfullscreen></iframe></p>
<p><iframe loading="lazy" title="Quel avenir pour l’Europe ?" width="720" height="405" src="https://www.youtube.com/embed/tAzWmJD06M8?feature=oembed" frameborder="0" allow="accelerometer; autoplay; encrypted-media; gyroscope; picture-in-picture" allowfullscreen></iframe></p>
<p><iframe loading="lazy" title="Le futur de l&#039;Europe se joue en Afrique avec plus de 2,48 milliards d&#039;habitants en 2050" width="720" height="405" src="https://www.youtube.com/embed/HH9ygkhNJ0I?feature=oembed" frameborder="0" allow="accelerometer; autoplay; encrypted-media; gyroscope; picture-in-picture" allowfullscreen></iframe></p>
<p><iframe loading="lazy" title="Succès story de Willy racontée par Sumeyye, participante française, projet JWT transfrontaliers" width="720" height="405" src="https://www.youtube.com/embed/4krYqhnIlQA?feature=oembed" frameborder="0" allow="accelerometer; autoplay; encrypted-media; gyroscope; picture-in-picture" allowfullscreen></iframe></p>
<p><iframe loading="lazy" title="Formation à l&#039;ASTU - Contre l&#039;endoctrinement des jeunes et des adultes" width="720" height="405" src="https://www.youtube.com/embed/PNMpQY2AnbA?feature=oembed" frameborder="0" allow="accelerometer; autoplay; encrypted-media; gyroscope; picture-in-picture" allowfullscreen></iframe></p>
<p><iframe loading="lazy" title="Syrie : l&#039;aide humanitaire de l&#039;UE" width="720" height="540" src="https://www.youtube.com/embed/Z7OlvYr4YKU?feature=oembed" frameborder="0" allow="accelerometer; autoplay; encrypted-media; gyroscope; picture-in-picture" allowfullscreen></iframe></p>
<p><iframe loading="lazy" title="Débat sur l&#039;avenir de l&#039;Europe avec Emmanuel Macron" width="720" height="405" src="https://www.youtube.com/embed/aqJawWcbwPM?feature=oembed" frameborder="0" allow="accelerometer; autoplay; encrypted-media; gyroscope; picture-in-picture" allowfullscreen></iframe></p>
<p></p>
