{"id":3012,"date":"2018-01-30T12:01:28","date_gmt":"2018-01-30T10:01:28","guid":{"rendered":"http:\/\/network.amsed.fr\/wp-content\/uploads\/2015\/12\/t\u00e9l\u00e9chargement-2.png"},"modified":"2018-01-30T12:01:28","modified_gmt":"2018-01-30T10:01:28","slug":"telechargement-2-2","status":"inherit","type":"attachment","link":"https:\/\/network.amsed.fr\/en\/local-level\/telechargement-2-2\/#main","title":{"rendered":"t\u00e9l\u00e9chargement (2)"},"author":4,"comment_status":"closed","ping_status":"closed","template":"","meta":[],"description":{"rendered":"<p class=\"attachment\"><a href='https:\/\/network.amsed.fr\/wp-content\/uploads\/2015\/12\/t\u00e9l\u00e9chargement-2.png'><img width=\"200\" height=\"100\" src=\"https:\/\/network.amsed.fr\/wp-content\/uploads\/2015\/12\/t\u00e9l\u00e9chargement-2.png\" class=\"attachment-medium size-medium\" alt=\"\" decoding=\"async\" loading=\"lazy\" \/><\/a><\/p>\n"},"caption":{"rendered":""},"alt_text":"","media_type":"image","mime_type":"image\/png","media_details":{"width":200,"height":100,"file":"2015\/12\/t\u00e9l\u00e9chargement-2.png","sizes":{"thumbnail":{"file":"t\u00e9l\u00e9chargement-2-150x100.png","width":150,"height":100,"mime_type":"image\/png","source_url":"https:\/\/network.amsed.fr\/wp-content\/uploads\/2015\/12\/t\u00e9l\u00e9chargement-2-150x100.png"},"rpwe-thumbnail":{"file":"t\u00e9l\u00e9chargement-2-45x45.png","width":45,"height":45,"mime_type":"image\/png","source_url":"https:\/\/network.amsed.fr\/wp-content\/uploads\/2015\/12\/t\u00e9l\u00e9chargement-2-45x45.png"},"full":{"file":"t\u00e9l\u00e9chargement-2.png","width":200,"height":100,"mime_type":"image\/png","source_url":"https:\/\/network.amsed.fr\/wp-content\/uploads\/2015\/12\/t\u00e9l\u00e9chargement-2.png"}},"image_meta":{"aperture":"0","credit":"","camera":"","caption":"","created_timestamp":"0","copyright":"","focal_length":"0","iso":"0","shutter_speed":"0","title":"","orientation":"0","keywords":[]}},"post":1521,"source_url":"https:\/\/network.amsed.fr\/wp-content\/uploads\/2015\/12\/t\u00e9l\u00e9chargement-2.png","_links":{"self":[{"href":"https:\/\/network.amsed.fr\/en\/wp-json\/wp\/v2\/media\/3012"}],"collection":[{"href":"https:\/\/network.amsed.fr\/en\/wp-json\/wp\/v2\/media"}],"about":[{"href":"https:\/\/network.amsed.fr\/en\/wp-json\/wp\/v2\/types\/attachment"}],"author":[{"embeddable":true,"href":"https:\/\/network.amsed.fr\/en\/wp-json\/wp\/v2\/users\/4"}]}}

http://network.amsed.fr/wp-content/uploads/2015/12/téléchargement-2.png

téléchargement (2)

<p class="attachment"><a href='https://network.amsed.fr/wp-content/uploads/2015/12/téléchargement-2.png'><img width="200" height="100" src="https://network.amsed.fr/wp-content/uploads/2015/12/téléchargement-2.png" class="attachment-medium size-medium" alt="" decoding="async" loading="lazy" /></a></p>

2015/12/téléchargement-2.png

téléchargement-2-150x100.png

https://network.amsed.fr/wp-content/uploads/2015/12/téléchargement-2-150x100.png

téléchargement-2-45x45.png

https://network.amsed.fr/wp-content/uploads/2015/12/téléchargement-2-45x45.png

téléchargement-2.png

https://network.amsed.fr/wp-content/uploads/2015/12/téléchargement-2.png
